{"id":521,"date":"2023-02-08T16:04:10","date_gmt":"2023-02-08T19:04:10","guid":{"rendered":"https:\/\/cdh.tv.br\/cursos\/?page_id=521"},"modified":"2023-02-08T16:52:07","modified_gmt":"2023-02-08T19:52:07","slug":"fundamentosdamagiapraticalightbox","status":"publish","type":"page","link":"https:\/\/cdh.tv.br\/cursos\/fundamentosdamagiapraticalightbox\/","title":{"rendered":"LIGHTBOX Fundamentos da Magia Pr\u00e1tica"},"content":{"rendered":"\t\t<div data-elementor-type=\"wp-page\" data-elementor-id=\"521\" class=\"elementor elementor-521\" data-elementor-post-type=\"page\">\n\t\t\t\t\t\t<section class=\"elementor-section elementor-top-section elementor-element elementor-element-3d17970f elementor-section-boxed elementor-section-height-default elementor-section-height-default\" data-id=\"3d17970f\" data-element_type=\"section\" data-e-type=\"section\" data-settings=\"{&quot;background_background&quot;:&quot;classic&quot;}\">\n\t\t\t\t\t\t<div class=\"elementor-container elementor-column-gap-default\">\n\t\t\t\t\t<div class=\"elementor-column elementor-col-100 elementor-top-column elementor-element elementor-element-4180eab1\" data-id=\"4180eab1\" data-element_type=\"column\" data-e-type=\"column\" data-settings=\"{&quot;background_background&quot;:&quot;classic&quot;}\">\n\t\t\t<div class=\"elementor-widget-wrap elementor-element-populated\">\n\t\t\t\t\t\t<div class=\"elementor-element elementor-element-7e0ecb23 elementor-widget elementor-widget-heading\" data-id=\"7e0ecb23\" data-element_type=\"widget\" data-e-type=\"widget\" data-widget_type=\"heading.default\">\n\t\t\t\t<div class=\"elementor-widget-container\">\n\t\t\t\t\t<h2 class=\"elementor-heading-title elementor-size-default\">POL\u00cdTICA DE PRIVACIDADE<\/h2>\t\t\t\t<\/div>\n\t\t\t\t<\/div>\n\t\t\t\t<div class=\"elementor-element elementor-element-4d71a8bf elementor-widget elementor-widget-heading\" data-id=\"4d71a8bf\" data-element_type=\"widget\" data-e-type=\"widget\" data-widget_type=\"heading.default\">\n\t\t\t\t<div class=\"elementor-widget-container\">\n\t\t\t\t\t<h2 class=\"elementor-heading-title elementor-size-default\">INFORMA\u00c7\u00d5ES COLETADAS<\/h2>\t\t\t\t<\/div>\n\t\t\t\t<\/div>\n\t\t\t\t<div class=\"elementor-element elementor-element-14173328 elementor-widget elementor-widget-text-editor\" data-id=\"14173328\" data-element_type=\"widget\" data-e-type=\"widget\" data-widget_type=\"text-editor.default\">\n\t\t\t\t<div class=\"elementor-widget-container\">\n\t\t\t\t\t\t\t\t\t<p>Ao acessar esse site, voc\u00ea est\u00e1 atestando sua concord\u00e2ncia com esses termos de uso. Termos estes que podem ser alterados a qualquer tempo e sem aviso pr\u00e9vio. Ao acessar o site Fundamentos da Magia Pr\u00e1tica, pressup\u00f5e-se a aceita\u00e7\u00e3o deste Acordo de privacidade. Consulte os termos de uso para tomar ci\u00eancia das altera\u00e7\u00f5es feitas.<\/p><p>\u00a0<\/p><p>O acesso ao curso ser\u00e1 liberado ap\u00f3s a compra e o cadastro obrigat\u00f3rio da plataforma.<\/p><p>\u00a0<\/p><p>Sua compra e cadastro s\u00e3o feitos mediante pagamento na plataforma Hotmart \u2013 A Hotmart \u00e9 uma plataforma gratuita e completa para hospedar e vender cursos online.<\/p><p>\u00a0<\/p><p>Ao solicitar a compra, ser\u00e1 necess\u00e1rio informar alguns dados pessoais \u00e0 Hotmart, como: nome, endere\u00e7o eletr\u00f4nico, pa\u00eds, endere\u00e7o, n\u00famero de telefone e dados de pagamento.<\/p><p>\u00a0<\/p><p>O acesso aos v\u00eddeos e aos materiais complementares na plataforma do curso \u00e9 vital\u00edcio ou at\u00e9 a plataforma Hotmart existir.<\/p><p>\u00a0<\/p><p>A garantia da confidencialidade dos dados informados \u00e9 de extrema import\u00e2ncia para o Conhecimentos da Humanidade e todas as informa\u00e7\u00f5es relativas aos dados pessoais informados est\u00e3o sendo protegidas pela Lei n.\u00ba 13.709 de 2.018 \u2013 Lei que disp\u00f5e sobre a prote\u00e7\u00e3o de dados pessoais e altera a Lei n.\u00ba 12.965\/2.014.<\/p><p>\u00a0<\/p><p>Desses dados informados \u00e0 plataforma Hotmart, Conhecimentos da Humanidade utiliza apenas para checagem de opera\u00e7\u00e3o e confer\u00eancia de cadastro com a plataforma. Nenhum dado \u00e9 utilizado sem pr\u00e9via comunica\u00e7\u00e3o e sem pr\u00e9via autoriza\u00e7\u00e3o do aluno. Os dados pessoais informados na compra tamb\u00e9m N\u00c3O SER\u00c3O COMERCIALIZADOS E\/OU INFORMADOS, independentemente da oferta e\/ou hip\u00f3tese.<\/p><p>\u00a0<\/p><p>Este site pode coletar dados automaticamente enquanto voc\u00ea navega, por\u00e9m, n\u00e3o s\u00e3o dados pessoais como os citados acima, s\u00e3o apenas dados sobre conex\u00e3o, endere\u00e7o de IP, localiza\u00e7\u00e3o geogr\u00e1fica, etc.<\/p><p>\u00a0<\/p><p>Ao visitar essa p\u00e1gina, armazenaremos atrav\u00e9s dos cookies algumas informa\u00e7\u00f5es em seu computador. Isso ir\u00e1 fazer com que voc\u00ea tenha uma facilidade maior na navega\u00e7\u00e3o, como idioma, modo de navega\u00e7\u00e3o, modo de exibi\u00e7\u00e3o, etc. Isso ficar\u00e1 armazenado em seu navegador para que voc\u00ea n\u00e3o precise alterar nada quando voltar da pr\u00f3xima vez.<\/p><p>\u00a0<\/p><p>Voc\u00ea pode desligar os seus cookies nas op\u00e7\u00f5es do seu browser ou efetuando altera\u00e7\u00f5es nas ferramentas do seu programa de Anti Virus, por\u00e9m, isso poder\u00e1 afetar a forma de intera\u00e7\u00e3o do seu navegador com os sites.<\/p><p>\u00a0<\/p><p>Conhecimentos da Humanidade poder\u00e1 utilizar neste site ou em qualquer rede social depoimentos sobre seus produtos ou conte\u00fados disponibilizados pelos alunos que possam ter informa\u00e7\u00f5es sobre os usu\u00e1rios. Ao concordar com os TERMOS DE SERVI\u00c7O, voc\u00ea est\u00e1 dando consentimento a Conhecimentos da Humanidade\u00a0 para publicar depoimentos, posts, coment\u00e1rios, imagens, v\u00eddeos, nome e quaisquer outro tipo de representa\u00e7\u00e3o.<\/p><p>\u00a0<\/p>\t\t\t\t\t\t\t\t<\/div>\n\t\t\t\t<\/div>\n\t\t\t\t<div class=\"elementor-element elementor-element-161e99d elementor-widget elementor-widget-heading\" data-id=\"161e99d\" data-element_type=\"widget\" data-e-type=\"widget\" data-widget_type=\"heading.default\">\n\t\t\t\t<div class=\"elementor-widget-container\">\n\t\t\t\t\t<h2 class=\"elementor-heading-title elementor-size-default\">OUTROS SITES<\/h2>\t\t\t\t<\/div>\n\t\t\t\t<\/div>\n\t\t\t\t<div class=\"elementor-element elementor-element-7d417309 elementor-widget elementor-widget-text-editor\" data-id=\"7d417309\" data-element_type=\"widget\" data-e-type=\"widget\" data-widget_type=\"text-editor.default\">\n\t\t\t\t<div class=\"elementor-widget-container\">\n\t\t\t\t\t\t\t\t\t<p>O site do Fundamentos da Magia Pr\u00e1tica possui liga\u00e7\u00f5es com outros sites que, em nossa opini\u00e3o, possuem informa\u00e7\u00f5es e ferramentas \u00fateis para os visitantes. Nossa pol\u00edtica de privacidade n\u00e3o \u00e9 aplicada a terceiros \u2013 neste caso, cada site dever\u00e1 ter a sua pr\u00f3pria pol\u00edtica de privacidade.<\/p><p>\u00a0<\/p><p>N\u00c3O NOS RESPONSABILIZAMOS PELA POL\u00cdTICA DE PRIVACIDADE OU QUAISQUER CONTE\u00daDOS PRESENTES NELES.<\/p><p>\u00a0<\/p>\t\t\t\t\t\t\t\t<\/div>\n\t\t\t\t<\/div>\n\t\t\t\t<div class=\"elementor-element elementor-element-26cbc573 elementor-widget elementor-widget-heading\" data-id=\"26cbc573\" data-element_type=\"widget\" data-e-type=\"widget\" data-widget_type=\"heading.default\">\n\t\t\t\t<div class=\"elementor-widget-container\">\n\t\t\t\t\t<h2 class=\"elementor-heading-title elementor-size-default\">RESTRI\u00c7\u00d5ES DE USO<\/h2>\t\t\t\t<\/div>\n\t\t\t\t<\/div>\n\t\t\t\t<div class=\"elementor-element elementor-element-1b8fe5c4 elementor-widget elementor-widget-text-editor\" data-id=\"1b8fe5c4\" data-element_type=\"widget\" data-e-type=\"widget\" data-widget_type=\"text-editor.default\">\n\t\t\t\t<div class=\"elementor-widget-container\">\n\t\t\t\t\t\t\t\t\t<p>O conte\u00fado deste site poder\u00e1 ser utilizado apenas para os prop\u00f3sitos expressamente permitidos. \u00c9 terminantemente proibido utilizar o conte\u00fado deste site para qualquer outro objetivo que n\u00e3o seja o de aprendizado exclusivo do aluno cadastrado, incluindo prop\u00f3sitos comerciais, sem o consentimento pr\u00e9vio e expresso da empresa Conhecimentos da Humanidade .<\/p><p>\u00a0<\/p><p>Modificar ou utilizar o conte\u00fado deste site viola diretamente os direitos de propriedade intelectual da empresa \u2013 a autoria e a propriedade intelectual n\u00e3o ser\u00e3o transferidas para que voc\u00ea possa acessar este site.<\/p><p>\u00a0<\/p><p>Este site poder\u00e1 conter links para outros sites, por\u00e9m, vale ressaltar que esses sites n\u00e3o s\u00e3o mantidos ou sequer tem rela\u00e7\u00e3o \u00e0 nossa empresa \u2013 salvo os sites do pr\u00f3prio Conhecimentos da Humanidade . Esses hiperlinks pertencem a sites que n\u00e3o s\u00e3o revisados pela empresa Conhecimentos da Humanidade e a empresa n\u00e3o \u00e9 respons\u00e1vel por seu conte\u00fado, bem como n\u00e3o faz nenhuma representa\u00e7\u00e3o ou d\u00e1 garantias sobre a plenitude ou precis\u00e3o dos links \u2013 sejam eles propagandas de outras empresas ou n\u00e3o. O risco do acesso a esses links \u00e9 integral do usu\u00e1rio.\u00a0<\/p><p>\u00a0<\/p>\t\t\t\t\t\t\t\t<\/div>\n\t\t\t\t<\/div>\n\t\t\t\t<div class=\"elementor-element elementor-element-404a27aa elementor-widget elementor-widget-heading\" data-id=\"404a27aa\" data-element_type=\"widget\" data-e-type=\"widget\" data-widget_type=\"heading.default\">\n\t\t\t\t<div class=\"elementor-widget-container\">\n\t\t\t\t\t<h2 class=\"elementor-heading-title elementor-size-default\">AVISO LEGAL<\/h2>\t\t\t\t<\/div>\n\t\t\t\t<\/div>\n\t\t\t\t<div class=\"elementor-element elementor-element-616f431f elementor-widget elementor-widget-text-editor\" data-id=\"616f431f\" data-element_type=\"widget\" data-e-type=\"widget\" data-widget_type=\"text-editor.default\">\n\t\t\t\t<div class=\"elementor-widget-container\">\n\t\t\t\t\t\t\t\t\t<p>A empresa n\u00e3o garante que os arquivos dispon\u00edveis para download na Internet estejam livres de v\u00edrus no geral ou qualquer outro c\u00f3digo que manifeste propriedades do tipo \u2013 a responsabilidade \u00e9 integralmente do visitante do site e a empresa n\u00e3o assume nenhuma responsabilidade ou risco pela internet.<br><\/p>\n<p><\/p>\t\t\t\t\t\t\t\t<\/div>\n\t\t\t\t<\/div>\n\t\t\t\t\t<\/div>\n\t\t<\/div>\n\t\t\t\t\t<\/div>\n\t\t<\/section>\n\t\t\t\t<\/div>\n\t\t","protected":false},"excerpt":{"rendered":"<p>POL\u00cdTICA DE PRIVACIDADE INFORMA\u00c7\u00d5ES COLETADAS Ao acessar esse site, voc\u00ea est\u00e1 atestando sua concord\u00e2ncia com esses termos de uso. Termos estes que podem ser alterados a qualquer tempo e sem aviso pr\u00e9vio. Ao acessar o site Fundamentos da Magia Pr\u00e1tica, pressup\u00f5e-se a aceita\u00e7\u00e3o deste Acordo de privacidade. Consulte os termos de uso para tomar ci\u00eancia [&hellip;]<\/p>\n","protected":false},"author":1,"featured_media":0,"parent":0,"menu_order":0,"comment_status":"closed","ping_status":"closed","template":"elementor_canvas","meta":{"footnotes":""},"folder":[],"class_list":["post-521","page","type-page","status-publish","hentry"],"_links":{"self":[{"href":"https:\/\/cdh.tv.br\/cursos\/wp-json\/wp\/v2\/pages\/521","targetHints":{"allow":["GET"]}}],"collection":[{"href":"https:\/\/cdh.tv.br\/cursos\/wp-json\/wp\/v2\/pages"}],"about":[{"href":"https:\/\/cdh.tv.br\/cursos\/wp-json\/wp\/v2\/types\/page"}],"author":[{"embeddable":true,"href":"https:\/\/cdh.tv.br\/cursos\/wp-json\/wp\/v2\/users\/1"}],"replies":[{"embeddable":true,"href":"https:\/\/cdh.tv.br\/cursos\/wp-json\/wp\/v2\/comments?post=521"}],"version-history":[{"count":4,"href":"https:\/\/cdh.tv.br\/cursos\/wp-json\/wp\/v2\/pages\/521\/revisions"}],"predecessor-version":[{"id":528,"href":"https:\/\/cdh.tv.br\/cursos\/wp-json\/wp\/v2\/pages\/521\/revisions\/528"}],"wp:attachment":[{"href":"https:\/\/cdh.tv.br\/cursos\/wp-json\/wp\/v2\/media?parent=521"}],"wp:term":[{"taxonomy":"folder","embeddable":true,"href":"https:\/\/cdh.tv.br\/cursos\/wp-json\/wp\/v2\/folder?post=521"}],"curies":[{"name":"wp","href":"https:\/\/api.w.org\/{rel}","templated":true}]}}