{"id":4731,"date":"2023-12-05T15:31:22","date_gmt":"2023-12-05T18:31:22","guid":{"rendered":"https:\/\/cdh.tv.br\/cursos\/?page_id=4731"},"modified":"2023-12-07T21:42:06","modified_gmt":"2023-12-08T00:42:06","slug":"leolousadaaulaaovivo","status":"publish","type":"page","link":"https:\/\/cdh.tv.br\/cursos\/leolousadaaulaaovivo\/","title":{"rendered":"Leo Lousada &#8211; Aula ao Vivo"},"content":{"rendered":"\t\t<div data-elementor-type=\"wp-page\" data-elementor-id=\"4731\" class=\"elementor elementor-4731\" data-elementor-post-type=\"page\">\n\t\t\t\t\t\t<section class=\"elementor-section elementor-top-section elementor-element elementor-element-bd7b756 elementor-section-height-full elementor-section-boxed elementor-section-height-default elementor-section-items-middle\" data-id=\"bd7b756\" data-element_type=\"section\" data-e-type=\"section\" data-settings=\"{&quot;background_background&quot;:&quot;classic&quot;}\">\n\t\t\t\t\t\t\t<div class=\"elementor-background-overlay\"><\/div>\n\t\t\t\t\t\t\t<div class=\"elementor-container elementor-column-gap-default\">\n\t\t\t\t\t<div class=\"elementor-column elementor-col-100 elementor-top-column elementor-element elementor-element-d90a494\" data-id=\"d90a494\" data-element_type=\"column\" data-e-type=\"column\">\n\t\t\t<div class=\"elementor-widget-wrap elementor-element-populated\">\n\t\t\t\t\t\t<section class=\"elementor-section elementor-inner-section elementor-element elementor-element-8212d5c elementor-section-boxed elementor-section-height-default elementor-section-height-default\" data-id=\"8212d5c\" data-element_type=\"section\" data-e-type=\"section\">\n\t\t\t\t\t\t<div class=\"elementor-container elementor-column-gap-default\">\n\t\t\t\t\t<div class=\"elementor-column elementor-col-50 elementor-inner-column elementor-element elementor-element-011c62b\" data-id=\"011c62b\" data-element_type=\"column\" data-e-type=\"column\">\n\t\t\t<div class=\"elementor-widget-wrap elementor-element-populated\">\n\t\t\t\t\t\t<div class=\"elementor-element elementor-element-11f70d2 elementor-invisible elementor-widget elementor-widget-image\" data-id=\"11f70d2\" data-element_type=\"widget\" data-e-type=\"widget\" data-settings=\"{&quot;_animation&quot;:&quot;zoomIn&quot;}\" data-widget_type=\"image.default\">\n\t\t\t\t<div class=\"elementor-widget-container\">\n\t\t\t\t\t\t\t\t\t\t\t\t\t\t\t<img fetchpriority=\"high\" decoding=\"async\" width=\"1024\" height=\"1024\" src=\"https:\/\/cdh.tv.br\/cursos\/wp-content\/uploads\/2023\/12\/LOGO-PNG-OK-1024x1024.png\" class=\"attachment-large size-large wp-image-4771\" alt=\"\" srcset=\"https:\/\/cdh.tv.br\/cursos\/wp-content\/uploads\/2023\/12\/LOGO-PNG-OK-1024x1024.png 1024w, https:\/\/cdh.tv.br\/cursos\/wp-content\/uploads\/2023\/12\/LOGO-PNG-OK-300x300.png 300w, https:\/\/cdh.tv.br\/cursos\/wp-content\/uploads\/2023\/12\/LOGO-PNG-OK-150x150.png 150w, https:\/\/cdh.tv.br\/cursos\/wp-content\/uploads\/2023\/12\/LOGO-PNG-OK-768x768.png 768w, https:\/\/cdh.tv.br\/cursos\/wp-content\/uploads\/2023\/12\/LOGO-PNG-OK.png 1080w\" sizes=\"(max-width: 1024px) 100vw, 1024px\" \/>\t\t\t\t\t\t\t\t\t\t\t\t\t\t\t<\/div>\n\t\t\t\t<\/div>\n\t\t\t\t\t<\/div>\n\t\t<\/div>\n\t\t\t\t<div class=\"elementor-column elementor-col-50 elementor-inner-column elementor-element elementor-element-d331e5a\" data-id=\"d331e5a\" data-element_type=\"column\" data-e-type=\"column\">\n\t\t\t<div class=\"elementor-widget-wrap elementor-element-populated\">\n\t\t\t\t\t\t<div class=\"elementor-element elementor-element-45475b0 elementor-invisible elementor-widget elementor-widget-heading\" data-id=\"45475b0\" data-element_type=\"widget\" data-e-type=\"widget\" data-settings=\"{&quot;_animation&quot;:&quot;fadeInUp&quot;}\" data-widget_type=\"heading.default\">\n\t\t\t\t<div class=\"elementor-widget-container\">\n\t\t\t\t\t<h2 class=\"elementor-heading-title elementor-size-default\">Aula ao Vivo - 12\/12<\/h2>\t\t\t\t<\/div>\n\t\t\t\t<\/div>\n\t\t\t\t<div class=\"elementor-element elementor-element-36f8094 elementor-invisible elementor-widget elementor-widget-heading\" data-id=\"36f8094\" data-element_type=\"widget\" data-e-type=\"widget\" data-settings=\"{&quot;_animation&quot;:&quot;fadeInUp&quot;}\" data-widget_type=\"heading.default\">\n\t\t\t\t<div class=\"elementor-widget-container\">\n\t\t\t\t\t<h2 class=\"elementor-heading-title elementor-size-medium\">Inscreva-se <b>gratuitamente<\/b> agora mesmo para participar desta <b>aula ao vivo<\/b> com <b>L\u00e9o Lousada<\/b>, e conhe\u00e7a um <b>caminho seguro<\/b> e consistente para voc\u00ea come\u00e7ar no <b>caminho da magia<\/b>!<\/h2>\t\t\t\t<\/div>\n\t\t\t\t<\/div>\n\t\t\t\t<div class=\"elementor-element elementor-element-3455b88 elementor-button-align-stretch elementor-invisible elementor-widget elementor-widget-form\" data-id=\"3455b88\" data-element_type=\"widget\" data-e-type=\"widget\" data-settings=\"{&quot;step_next_label&quot;:&quot;Next&quot;,&quot;step_previous_label&quot;:&quot;Previous&quot;,&quot;_animation&quot;:&quot;fadeInUp&quot;,&quot;button_width&quot;:&quot;100&quot;,&quot;step_type&quot;:&quot;number_text&quot;,&quot;step_icon_shape&quot;:&quot;circle&quot;}\" data-widget_type=\"form.default\">\n\t\t\t\t<div class=\"elementor-widget-container\">\n\t\t\t\t\t\t\t<form class=\"elementor-form\" method=\"post\" name=\"New Form\" aria-label=\"New Form\">\n\t\t\t<input type=\"hidden\" name=\"post_id\" value=\"4731\"\/>\n\t\t\t<input type=\"hidden\" name=\"form_id\" value=\"3455b88\"\/>\n\t\t\t<input type=\"hidden\" name=\"referer_title\" value=\"\" \/>\n\n\t\t\t\n\t\t\t<div class=\"elementor-form-fields-wrapper elementor-labels-above\">\n\t\t\t\t\t\t\t\t<div class=\"elementor-field-type-text elementor-field-group elementor-column elementor-field-group-name elementor-col-100\">\n\t\t\t\t\t\t\t\t\t\t\t\t<label for=\"form-field-name\" class=\"elementor-field-label\">\n\t\t\t\t\t\t\t\tNome\t\t\t\t\t\t\t<\/label>\n\t\t\t\t\t\t\t\t\t\t\t\t\t\t<input size=\"1\" type=\"text\" name=\"form_fields[name]\" id=\"form-field-name\" class=\"elementor-field elementor-size-sm  elementor-field-textual\" placeholder=\"Nome\">\n\t\t\t\t\t\t\t\t\t\t\t<\/div>\n\t\t\t\t\t\t\t\t<div class=\"elementor-field-type-email elementor-field-group elementor-column elementor-field-group-email elementor-col-100 elementor-field-required\">\n\t\t\t\t\t\t\t\t\t\t\t\t<label for=\"form-field-email\" class=\"elementor-field-label\">\n\t\t\t\t\t\t\t\tEmail\t\t\t\t\t\t\t<\/label>\n\t\t\t\t\t\t\t\t\t\t\t\t\t\t<input size=\"1\" type=\"email\" name=\"form_fields[email]\" id=\"form-field-email\" class=\"elementor-field elementor-size-sm  elementor-field-textual\" placeholder=\"Seu melhor email\" required=\"required\">\n\t\t\t\t\t\t\t\t\t\t\t<\/div>\n\t\t\t\t\t\t\t\t<div class=\"elementor-field-type-hidden elementor-field-group elementor-column elementor-field-group-utm_campaign elementor-col-100\">\n\t\t\t\t\t\t\t\t\t\t\t\t\t<input size=\"1\" type=\"hidden\" name=\"form_fields[utm_campaign]\" id=\"form-field-utm_campaign\" class=\"elementor-field elementor-size-sm  elementor-field-textual\">\n\t\t\t\t\t\t\t\t\t\t\t<\/div>\n\t\t\t\t\t\t\t\t<div class=\"elementor-field-type-hidden elementor-field-group elementor-column elementor-field-group-utm_medium elementor-col-100\">\n\t\t\t\t\t\t\t\t\t\t\t\t\t<input size=\"1\" type=\"hidden\" name=\"form_fields[utm_medium]\" id=\"form-field-utm_medium\" class=\"elementor-field elementor-size-sm  elementor-field-textual\">\n\t\t\t\t\t\t\t\t\t\t\t<\/div>\n\t\t\t\t\t\t\t\t<div class=\"elementor-field-type-hidden elementor-field-group elementor-column elementor-field-group-utm_source elementor-col-100\">\n\t\t\t\t\t\t\t\t\t\t\t\t\t<input size=\"1\" type=\"hidden\" name=\"form_fields[utm_source]\" id=\"form-field-utm_source\" class=\"elementor-field elementor-size-sm  elementor-field-textual\">\n\t\t\t\t\t\t\t\t\t\t\t<\/div>\n\t\t\t\t\t\t\t\t<div class=\"elementor-field-type-hidden elementor-field-group elementor-column elementor-field-group-utm_content elementor-col-100\">\n\t\t\t\t\t\t\t\t\t\t\t\t\t<input size=\"1\" type=\"hidden\" name=\"form_fields[utm_content]\" id=\"form-field-utm_content\" class=\"elementor-field elementor-size-sm  elementor-field-textual\">\n\t\t\t\t\t\t\t\t\t\t\t<\/div>\n\t\t\t\t\t\t\t\t<div class=\"elementor-field-group elementor-column elementor-field-type-submit elementor-col-100 e-form__buttons\">\n\t\t\t\t\t<button class=\"elementor-button elementor-size-md elementor-animation-float\" type=\"submit\">\n\t\t\t\t\t\t<span class=\"elementor-button-content-wrapper\">\n\t\t\t\t\t\t\t\t\t\t\t\t\t\t\t\t\t\t\t\t\t\t<span class=\"elementor-button-text\">SE INSCREVA GRATUITAMENTE<\/span>\n\t\t\t\t\t\t\t\t\t\t\t\t\t<\/span>\n\t\t\t\t\t<\/button>\n\t\t\t\t<\/div>\n\t\t\t<\/div>\n\t\t<\/form>\n\t\t\t\t\t\t<\/div>\n\t\t\t\t<\/div>\n\t\t\t\t\t<\/div>\n\t\t<\/div>\n\t\t\t\t\t<\/div>\n\t\t<\/section>\n\t\t\t\t\t<\/div>\n\t\t<\/div>\n\t\t\t\t\t<\/div>\n\t\t<\/section>\n\t\t\t\t<section class=\"elementor-section elementor-top-section elementor-element elementor-element-8475ebb elementor-reverse-mobile elementor-section-boxed elementor-section-height-default elementor-section-height-default\" data-id=\"8475ebb\" data-element_type=\"section\" data-e-type=\"section\" data-settings=\"{&quot;background_background&quot;:&quot;classic&quot;}\">\n\t\t\t\t\t\t\t<div class=\"elementor-background-overlay\"><\/div>\n\t\t\t\t\t\t\t<div class=\"elementor-container elementor-column-gap-wider\">\n\t\t\t\t\t<div class=\"elementor-column elementor-col-50 elementor-top-column elementor-element elementor-element-2da072c8\" data-id=\"2da072c8\" data-element_type=\"column\" data-e-type=\"column\">\n\t\t\t<div class=\"elementor-widget-wrap elementor-element-populated\">\n\t\t\t\t\t\t<div class=\"elementor-element elementor-element-5d79a15f elementor-invisible elementor-widget elementor-widget-heading\" data-id=\"5d79a15f\" data-element_type=\"widget\" data-e-type=\"widget\" data-settings=\"{&quot;_animation&quot;:&quot;fadeInLeft&quot;}\" data-widget_type=\"heading.default\">\n\t\t\t\t<div class=\"elementor-widget-container\">\n\t\t\t\t\t<h2 class=\"elementor-heading-title elementor-size-default\">Aula ao vivo 12\/12\/23<\/h2>\t\t\t\t<\/div>\n\t\t\t\t<\/div>\n\t\t\t\t<div class=\"elementor-element elementor-element-5e4dd81b elementor-invisible elementor-widget elementor-widget-heading\" data-id=\"5e4dd81b\" data-element_type=\"widget\" data-e-type=\"widget\" data-settings=\"{&quot;_animation&quot;:&quot;fadeInLeft&quot;}\" data-widget_type=\"heading.default\">\n\t\t\t\t<div class=\"elementor-widget-container\">\n\t\t\t\t\t<h2 class=\"elementor-heading-title elementor-size-default\">COME\u00c7ANDO NO CAMINHO DA MAGIA<\/h2>\t\t\t\t<\/div>\n\t\t\t\t<\/div>\n\t\t\t\t<div class=\"elementor-element elementor-element-c946333 elementor-widget__width-initial elementor-invisible elementor-widget elementor-widget-text-editor\" data-id=\"c946333\" data-element_type=\"widget\" data-e-type=\"widget\" data-settings=\"{&quot;_animation&quot;:&quot;fadeInLeft&quot;}\" data-widget_type=\"text-editor.default\">\n\t\t\t\t<div class=\"elementor-widget-container\">\n\t\t\t\t\t\t\t\t\t<p>Muitas pessoas me perguntam diariamente quais seriam os melhores caminhos para iniciar no universo da magia.<\/p><p>Por se tratar de um assunto muito importante, mas muitas vezes banalizado, \u00e9 necess\u00e1rio ter muito cuidado com o tipo de informa\u00e7\u00e3o que encontramos por a\u00ed jogado Internet afora.<\/p><p>\u00c9 preciso ter boas refer\u00eancias e encontrar um m\u00e9todo adequado e seguro para seguir. Um m\u00e9todo que respeite cada passo dentro do processo, que traga resultados pr\u00e1ticos e que realmente colabore para o autoconhecimento e a evolu\u00e7\u00e3o do postulante a magista.<\/p><p>Na Live que apresentarei dia 12\/12 \u00e0s 20 horas (hor\u00e1rio de Bras\u00edlia), vou abordar este assunto e dar dicas valiosas para voc\u00ea entrar neste Universo j\u00e1 sabendo onde pisa! N\u00e3o perca!<\/p>\t\t\t\t\t\t\t\t<\/div>\n\t\t\t\t<\/div>\n\t\t\t\t\t<\/div>\n\t\t<\/div>\n\t\t\t\t<div class=\"elementor-column elementor-col-50 elementor-top-column elementor-element elementor-element-74bf3054\" data-id=\"74bf3054\" data-element_type=\"column\" data-e-type=\"column\">\n\t\t\t<div class=\"elementor-widget-wrap elementor-element-populated\">\n\t\t\t\t\t\t<div class=\"elementor-element elementor-element-1e96dc91 elementor-invisible elementor-widget elementor-widget-image\" data-id=\"1e96dc91\" data-element_type=\"widget\" data-e-type=\"widget\" data-settings=\"{&quot;_animation&quot;:&quot;zoomIn&quot;}\" data-widget_type=\"image.default\">\n\t\t\t\t<div class=\"elementor-widget-container\">\n\t\t\t\t\t\t\t\t\t\t\t\t\t\t\t<img decoding=\"async\" width=\"431\" height=\"485\" src=\"https:\/\/cdh.tv.br\/cursos\/wp-content\/uploads\/2023\/08\/FOTO-PERFIL-LEO-NOVA.png\" class=\"attachment-large size-large wp-image-2440\" alt=\"\" srcset=\"https:\/\/cdh.tv.br\/cursos\/wp-content\/uploads\/2023\/08\/FOTO-PERFIL-LEO-NOVA.png 431w, https:\/\/cdh.tv.br\/cursos\/wp-content\/uploads\/2023\/08\/FOTO-PERFIL-LEO-NOVA-267x300.png 267w\" sizes=\"(max-width: 431px) 100vw, 431px\" \/>\t\t\t\t\t\t\t\t\t\t\t\t\t\t\t<\/div>\n\t\t\t\t<\/div>\n\t\t\t\t\t<\/div>\n\t\t<\/div>\n\t\t\t\t\t<\/div>\n\t\t<\/section>\n\t\t\t\t<section class=\"elementor-section elementor-top-section elementor-element elementor-element-3fb891ae elementor-section-boxed elementor-section-height-default elementor-section-height-default\" data-id=\"3fb891ae\" data-element_type=\"section\" data-e-type=\"section\" data-settings=\"{&quot;background_background&quot;:&quot;classic&quot;}\">\n\t\t\t\t\t\t\t<div class=\"elementor-background-overlay\"><\/div>\n\t\t\t\t\t\t\t<div class=\"elementor-container elementor-column-gap-default\">\n\t\t\t\t\t<div class=\"elementor-column elementor-col-100 elementor-top-column elementor-element elementor-element-1a4a212d\" data-id=\"1a4a212d\" data-element_type=\"column\" data-e-type=\"column\" data-settings=\"{&quot;background_background&quot;:&quot;slideshow&quot;,&quot;background_slideshow_gallery&quot;:[],&quot;background_slideshow_loop&quot;:&quot;yes&quot;,&quot;background_slideshow_slide_duration&quot;:5000,&quot;background_slideshow_slide_transition&quot;:&quot;fade&quot;,&quot;background_slideshow_transition_duration&quot;:500}\">\n\t\t\t<div class=\"elementor-widget-wrap elementor-element-populated\">\n\t\t\t\t\t\t<section class=\"elementor-section elementor-inner-section elementor-element elementor-element-3c0a3fd6 elementor-section-content-middle elementor-reverse-mobile elementor-section-boxed elementor-section-height-default elementor-section-height-default\" data-id=\"3c0a3fd6\" data-element_type=\"section\" data-e-type=\"section\">\n\t\t\t\t\t\t<div class=\"elementor-container elementor-column-gap-default\">\n\t\t\t\t\t<div class=\"elementor-column elementor-col-66 elementor-inner-column elementor-element elementor-element-26ded1d5\" data-id=\"26ded1d5\" data-element_type=\"column\" data-e-type=\"column\">\n\t\t\t<div class=\"elementor-widget-wrap elementor-element-populated\">\n\t\t\t\t\t\t<div class=\"elementor-element elementor-element-3f31f967 elementor-invisible elementor-widget elementor-widget-heading\" data-id=\"3f31f967\" data-element_type=\"widget\" data-e-type=\"widget\" data-settings=\"{&quot;_animation&quot;:&quot;fadeInLeft&quot;}\" data-widget_type=\"heading.default\">\n\t\t\t\t<div class=\"elementor-widget-container\">\n\t\t\t\t\t<h2 class=\"elementor-heading-title elementor-size-default\">L\u00c9O LOUSADA<\/h2>\t\t\t\t<\/div>\n\t\t\t\t<\/div>\n\t\t\t\t<div class=\"elementor-element elementor-element-bb51928 elementor-invisible elementor-widget elementor-widget-text-editor\" data-id=\"bb51928\" data-element_type=\"widget\" data-e-type=\"widget\" data-settings=\"{&quot;_animation&quot;:&quot;fadeInLeft&quot;}\" data-widget_type=\"text-editor.default\">\n\t\t\t\t<div class=\"elementor-widget-container\">\n\t\t\t\t\t\t\t\t\t<p><strong>L\u00e9o Lousada<\/strong> tem p\u00f3s-gradua\u00e7\u00e3o em Semi\u00f3tica e Ci\u00eancias da Religi\u00e3o, com grande atua\u00e7\u00e3o na \u00e1rea educacional. Seus estudos espiritualistas tiveram in\u00edcio com o espiritismo ainda na inf\u00e2ncia. Na adolesc\u00eancia foi iniciado na Ordem De Molay, onde come\u00e7ou seus estudos nos meios ocultistas, participando posteriormente de v\u00e1rias ordens inici\u00e1ticas em sequ\u00eancia, incluindo tradi\u00e7\u00f5es rosacruzes, pag\u00e3s, m\u00e1gicas cerimoniais, dru\u00eddicas e de Kabbalah, como\u00a0 a judaica na tradi\u00e7\u00e3o do Rabi Baal Shem Tov.<\/p><p>Foi roteirista do filme da Disney O Pergaminho Vermelho e \u00e9 um dos criadores do canal do YouTube Conhecimentos da Humanidade, com mais de meio milh\u00e3o de inscritos, h\u00e1 oito anos no ar. O canal aborda temas sobre religi\u00f5es, costumes, sociedades, grupos, hist\u00f3rias e pensamentos que ajudaram a construir o mundo como conhecemos hoje.<\/p>\t\t\t\t\t\t\t\t<\/div>\n\t\t\t\t<\/div>\n\t\t\t\t\t<\/div>\n\t\t<\/div>\n\t\t\t\t<div class=\"elementor-column elementor-col-33 elementor-inner-column elementor-element elementor-element-91012d\" data-id=\"91012d\" data-element_type=\"column\" data-e-type=\"column\">\n\t\t\t<div class=\"elementor-widget-wrap elementor-element-populated\">\n\t\t\t\t\t\t<div class=\"elementor-element elementor-element-5482d641 elementor-invisible elementor-widget elementor-widget-image\" data-id=\"5482d641\" data-element_type=\"widget\" data-e-type=\"widget\" data-settings=\"{&quot;_animation&quot;:&quot;zoomIn&quot;}\" data-widget_type=\"image.default\">\n\t\t\t\t<div class=\"elementor-widget-container\">\n\t\t\t\t\t\t\t\t\t\t\t\t\t\t\t<img decoding=\"async\" width=\"682\" height=\"1024\" src=\"https:\/\/cdh.tv.br\/cursos\/wp-content\/uploads\/2023\/08\/1662936030684-682x1024.jpeg\" class=\"attachment-large size-large wp-image-2417\" alt=\"\" srcset=\"https:\/\/cdh.tv.br\/cursos\/wp-content\/uploads\/2023\/08\/1662936030684-682x1024.jpeg 682w, https:\/\/cdh.tv.br\/cursos\/wp-content\/uploads\/2023\/08\/1662936030684-200x300.jpeg 200w, https:\/\/cdh.tv.br\/cursos\/wp-content\/uploads\/2023\/08\/1662936030684-768x1152.jpeg 768w, https:\/\/cdh.tv.br\/cursos\/wp-content\/uploads\/2023\/08\/1662936030684-1024x1536.jpeg 1024w, https:\/\/cdh.tv.br\/cursos\/wp-content\/uploads\/2023\/08\/1662936030684-1365x2048.jpeg 1365w, https:\/\/cdh.tv.br\/cursos\/wp-content\/uploads\/2023\/08\/1662936030684.jpeg 1706w\" sizes=\"(max-width: 682px) 100vw, 682px\" \/>\t\t\t\t\t\t\t\t\t\t\t\t\t\t\t<\/div>\n\t\t\t\t<\/div>\n\t\t\t\t\t<\/div>\n\t\t<\/div>\n\t\t\t\t\t<\/div>\n\t\t<\/section>\n\t\t\t\t\t<\/div>\n\t\t<\/div>\n\t\t\t\t\t<\/div>\n\t\t<\/section>\n\t\t\t\t<section class=\"elementor-section elementor-top-section elementor-element elementor-element-7677679a elementor-section-content-space-between elementor-section-boxed elementor-section-height-default elementor-section-height-default\" data-id=\"7677679a\" data-element_type=\"section\" data-e-type=\"section\" data-settings=\"{&quot;background_background&quot;:&quot;classic&quot;}\">\n\t\t\t\t\t\t<div class=\"elementor-container elementor-column-gap-default\">\n\t\t\t\t\t<div class=\"elementor-column elementor-col-100 elementor-top-column elementor-element elementor-element-194baa2a\" data-id=\"194baa2a\" data-element_type=\"column\" data-e-type=\"column\" data-settings=\"{&quot;background_background&quot;:&quot;classic&quot;}\">\n\t\t\t<div class=\"elementor-widget-wrap elementor-element-populated\">\n\t\t\t\t\t\t<section class=\"elementor-section elementor-inner-section elementor-element elementor-element-7b2da6aa elementor-section-content-middle elementor-section-boxed elementor-section-height-default elementor-section-height-default\" data-id=\"7b2da6aa\" data-element_type=\"section\" data-e-type=\"section\">\n\t\t\t\t\t\t<div class=\"elementor-container elementor-column-gap-default\">\n\t\t\t\t\t<div class=\"elementor-column elementor-col-33 elementor-inner-column elementor-element elementor-element-5ec17496\" data-id=\"5ec17496\" data-element_type=\"column\" data-e-type=\"column\">\n\t\t\t<div class=\"elementor-widget-wrap elementor-element-populated\">\n\t\t\t\t\t\t<div class=\"elementor-element elementor-element-323b8e20 elementor-widget elementor-widget-image\" data-id=\"323b8e20\" data-element_type=\"widget\" data-e-type=\"widget\" data-widget_type=\"image.default\">\n\t\t\t\t<div class=\"elementor-widget-container\">\n\t\t\t\t\t\t\t\t\t\t\t\t\t\t\t<img fetchpriority=\"high\" decoding=\"async\" width=\"1024\" height=\"1024\" src=\"https:\/\/cdh.tv.br\/cursos\/wp-content\/uploads\/2023\/12\/LOGO-PNG-OK-1024x1024.png\" class=\"attachment-large size-large wp-image-4771\" alt=\"\" srcset=\"https:\/\/cdh.tv.br\/cursos\/wp-content\/uploads\/2023\/12\/LOGO-PNG-OK-1024x1024.png 1024w, https:\/\/cdh.tv.br\/cursos\/wp-content\/uploads\/2023\/12\/LOGO-PNG-OK-300x300.png 300w, https:\/\/cdh.tv.br\/cursos\/wp-content\/uploads\/2023\/12\/LOGO-PNG-OK-150x150.png 150w, https:\/\/cdh.tv.br\/cursos\/wp-content\/uploads\/2023\/12\/LOGO-PNG-OK-768x768.png 768w, https:\/\/cdh.tv.br\/cursos\/wp-content\/uploads\/2023\/12\/LOGO-PNG-OK.png 1080w\" sizes=\"(max-width: 1024px) 100vw, 1024px\" \/>\t\t\t\t\t\t\t\t\t\t\t\t\t\t\t<\/div>\n\t\t\t\t<\/div>\n\t\t\t\t\t<\/div>\n\t\t<\/div>\n\t\t\t\t<div class=\"elementor-column elementor-col-33 elementor-inner-column elementor-element elementor-element-cff717f\" data-id=\"cff717f\" data-element_type=\"column\" data-e-type=\"column\">\n\t\t\t<div class=\"elementor-widget-wrap elementor-element-populated\">\n\t\t\t\t\t\t<div class=\"elementor-element elementor-element-52999c02 elementor-widget elementor-widget-text-editor\" data-id=\"52999c02\" data-element_type=\"widget\" data-e-type=\"widget\" data-widget_type=\"text-editor.default\">\n\t\t\t\t<div class=\"elementor-widget-container\">\n\t\t\t\t\t\t\t\t\t<p>\u00a9 Conhecimentos da Humanidade &#8211; Todos os direitos reservados.<\/p>\t\t\t\t\t\t\t\t<\/div>\n\t\t\t\t<\/div>\n\t\t\t\t\t<\/div>\n\t\t<\/div>\n\t\t\t\t<div class=\"elementor-column elementor-col-33 elementor-inner-column elementor-element elementor-element-41876b1e\" data-id=\"41876b1e\" data-element_type=\"column\" data-e-type=\"column\">\n\t\t\t<div class=\"elementor-widget-wrap elementor-element-populated\">\n\t\t\t\t\t\t<div class=\"elementor-element elementor-element-1d9c5552 elementor-widget elementor-widget-image\" data-id=\"1d9c5552\" data-element_type=\"widget\" data-e-type=\"widget\" data-widget_type=\"image.default\">\n\t\t\t\t<div class=\"elementor-widget-container\">\n\t\t\t\t\t\t\t\t\t\t\t\t\t\t\t<img loading=\"lazy\" decoding=\"async\" width=\"294\" height=\"80\" src=\"https:\/\/cdh.tv.br\/cursos\/wp-content\/uploads\/2023\/02\/1jlp0hs-cropped-logo-v4-com-texto-br2-300x82-1_1086028000000000000028.png\" class=\"attachment-large size-large wp-image-53\" alt=\"\" \/>\t\t\t\t\t\t\t\t\t\t\t\t\t\t\t<\/div>\n\t\t\t\t<\/div>\n\t\t\t\t\t<\/div>\n\t\t<\/div>\n\t\t\t\t\t<\/div>\n\t\t<\/section>\n\t\t\t\t\t<\/div>\n\t\t<\/div>\n\t\t\t\t\t<\/div>\n\t\t<\/section>\n\t\t\t\t<\/div>\n\t\t","protected":false},"excerpt":{"rendered":"<p>Aula ao Vivo &#8211; 12\/12 Inscreva-se gratuitamente agora mesmo para participar desta aula ao vivo com L\u00e9o Lousada, e conhe\u00e7a um caminho seguro e consistente para voc\u00ea come\u00e7ar no caminho da magia! Aula ao vivo 12\/12\/23 COME\u00c7ANDO NO CAMINHO DA MAGIA Muitas pessoas me perguntam diariamente quais seriam os melhores caminhos para iniciar no universo [&hellip;]<\/p>\n","protected":false},"author":1,"featured_media":0,"parent":0,"menu_order":0,"comment_status":"closed","ping_status":"closed","template":"elementor_canvas","meta":{"footnotes":""},"folder":[],"class_list":["post-4731","page","type-page","status-publish","hentry"],"_links":{"self":[{"href":"https:\/\/cdh.tv.br\/cursos\/wp-json\/wp\/v2\/pages\/4731","targetHints":{"allow":["GET"]}}],"collection":[{"href":"https:\/\/cdh.tv.br\/cursos\/wp-json\/wp\/v2\/pages"}],"about":[{"href":"https:\/\/cdh.tv.br\/cursos\/wp-json\/wp\/v2\/types\/page"}],"author":[{"embeddable":true,"href":"https:\/\/cdh.tv.br\/cursos\/wp-json\/wp\/v2\/users\/1"}],"replies":[{"embeddable":true,"href":"https:\/\/cdh.tv.br\/cursos\/wp-json\/wp\/v2\/comments?post=4731"}],"version-history":[{"count":73,"href":"https:\/\/cdh.tv.br\/cursos\/wp-json\/wp\/v2\/pages\/4731\/revisions"}],"predecessor-version":[{"id":4980,"href":"https:\/\/cdh.tv.br\/cursos\/wp-json\/wp\/v2\/pages\/4731\/revisions\/4980"}],"wp:attachment":[{"href":"https:\/\/cdh.tv.br\/cursos\/wp-json\/wp\/v2\/media?parent=4731"}],"wp:term":[{"taxonomy":"folder","embeddable":true,"href":"https:\/\/cdh.tv.br\/cursos\/wp-json\/wp\/v2\/folder?post=4731"}],"curies":[{"name":"wp","href":"https:\/\/api.w.org\/{rel}","templated":true}]}}